 the prime factors of 1743979.
17, 102587
List the prime factors of 269287.
19, 14173
What are the prime factors of 363320?
2, 5, 31, 293
What are the prime factors of 655372?
2, 59, 2777
What are the prime factors of 1185758?
2, 7, 84697
List the prime factors of 3946434.
2, 3, 67, 9817
What are the prime factors of 16123508?
2, 4030877
List the prime factors of 16187692.
2, 61, 66343
List the prime factors of 21007.
7, 3001
List the prime factors of 19945658.
2, 17, 59, 61, 163
What are the prime factors of 26067372?
2, 3, 23, 94447
What are the prime factors of 9482529?
3, 7, 251, 257
What are the prime factors of 11830303?
23, 514361
What are the prime factors of 416370?
2, 3, 5, 13879
List the prime factors of 1454850.
2, 3, 5, 53, 61
List the prime factors of 178017.
3, 7, 173
What are the prime factors of 969167?
969167
What are the prime factors of 1713472?
2, 41, 653
List the prime factors of 4312267.
4312267
List the prime factors of 572068.
2, 7, 20431
What are the prime factors of 14365?
5, 13, 17
List the prime factors of 1012701.
3, 79, 4273
List the prime factors of 352117.
223, 1579
What are the prime factors of 5232467?
19, 275393
List the prime factors of 15408962.
2, 19, 405499
List the prime factors of 4425696.
2, 3, 11, 127
What are the prime factors of 1135929?
3, 71, 5333
List the prime factors of 1066709.
7, 97, 1571
List the prime factors of 1182907.
11, 53, 2029
What are the prime factors of 587486?
2, 17, 37, 467
What are the prime factors of 265843?
29, 89, 103
What are the prime factors of 825010?
2, 5, 17, 23, 211
List the prime factors of 957772.
2, 149, 1607
What are the prime factors of 3107393?
19, 67, 2441
List the prime factors of 6538700.
2, 5, 7, 9341
List the prime factors of 10659810.
2, 3, 5, 7, 23, 2207
What are the prime factors of 4137284?
2, 601, 1721
List the prime factors of 150715.
5, 43, 701
What are the prime factors of 5198199?
3, 439, 3947
List the prime factors of 2791665.
3, 5, 61, 113
List the prime factors of 24714077.
73, 233, 1453
What are the prime factors of 631845?
3, 5, 19, 739
What are the prime factors of 2685045?
3, 5, 11, 16273
List the prime factors of 452785.
5, 137, 661
What are the prime factors of 573374?
2, 286687
List the prime factors of 476117.
167, 2851
List the prime factors of 8617542.
2, 3, 1436257
List the prime factors of 3029875.
5, 24239
List the prime factors of 1348367.
41, 32887
List the prime factors of 395435.
5, 79087
List the prime factors of 11908273.
13, 23, 39827
What are the prime factors of 21661123?
11, 277, 7109
What are the prime factors of 3580314?
2, 3, 31, 19249
List the prime factors of 5449884.
2, 3, 11, 19, 41, 53
List the prime factors of 606049.
606049
What are the prime factors of 3694018?
2, 19, 41, 2371
List the prime factors of 224107.
13, 17239
List the prime factors of 103811.
103811
List the prime factors of 180026.
2, 7, 11, 167
List the prime factors of 11091907.
11091907
List the prime factors of 416978.
2, 208489
What are the prime factors of 1086933?
3, 19, 19069
What are the prime factors of 115199?
7, 2351
List the prime factors of 3166698.
2, 3, 139, 3797
What are the prime factors of 15062433?
3, 101, 49711
What are the prime factors of 25727939?
523, 49193
List the prime factors of 4624357.
17, 23, 11827
List the prime factors of 1962327.
3, 17, 109, 353
What are the prime factors of 316949?
151, 2099
What are the prime factors of 11583033?
3, 7, 11, 41, 1223
List the prime factors of 892824.
2, 3, 37201
What are the prime factors of 428142?
2, 3, 11, 13, 499
List the prime factors of 10466.
2, 5233
What are the prime factors of 496432?
2, 19, 23, 71
What are the prime factors of 316640?
2, 5, 1979
List the prime factors of 4033642.
2, 2016821
What are the prime factors of 139260?
2, 3, 5, 11, 211
List the prime factors of 856268.
2, 7, 53, 577
List the prime factors of 862085.
5, 7, 24631
List the prime factors of 68571.
3, 19, 401
List the prime factors of 137196.
2, 3, 37, 103
What are the prime factors of 3076561?
83, 101, 367
What are the prime factors of 152124?
2, 3, 7, 1811
What are the prime factors of 43269343?
13, 3328411
What are the prime factors of 343006?
2, 41, 47, 89
List the prime factors of 6185003.
11, 562273
What are the prime factors of 317205?
3, 5, 7, 19, 53
List the prime factors of 284815.
5, 56963
List the prime factors of 2788816.
2, 17, 10253
List the prime factors of 383379.
3, 47, 2719
List the prime factors of 1186527.
3, 395509
What are the prime factors of 3714197?
113, 32869
List the prime factors of 2947580.
2, 5, 293, 503
List the prime factors of 1169390.
2, 5, 337, 347
What are the prime factors of 4075150?
2, 5, 149, 547
What are the prime factors of 4803086?
2, 19, 126397
What are the prime factors of 188037?
3, 17, 1229
List the prime factors of 7054057.
7054057
List the prime factors of 3137092.
2, 7, 181, 619
List the prime factors of 313003.
313003
List the prime factors of 279711.
3, 31079
List the prime factors of 1610704.
2, 100669
What are the prime factors of 187251?
3, 62417
What are the prime factors of 68578?
2, 17, 2017
List the prime factors of 91831.
131, 701
What are the prime factors of 667643?
667643
What are the prime factors of 22667097?
3, 211, 35809
What are the prime factors of 14097700?
2, 5, 140977
List the prime factors of 6054357.
3, 43, 46933
List the prime factors of 2381907.
3, 11, 89, 811
List the prime factors of 677376.
2, 3, 7
List the prime factors of 163027.
163027
What are the prime factors of 207534?
2, 3, 34589
What are the prime factors of 30074?
2, 11, 1367
What are the prime factors of 300996?
2, 3, 929
List the prime factors of 2697105.
3, 5, 179807
What are the prime factors of 1260648?
2, 3, 17509
List the prime factors of 1608473.
1608473
List the prime factors of 2777954.
2, 67, 20731
List the prime factors of 243657.
3, 27073
What are the prime factors of 8796405?
3, 5, 31, 18917
What are the prime factors of 2285797?
2285797
List the prime factors of 1549109.
151, 10259
What are the prime factors of 364849?
23, 29, 547
List the prime factors of 305612.
2, 76403
What are the prime factors of 2270344?
2, 283793
List the prime factors of 8618356.
2, 197, 10937
What are the prime factors of 449639?
59, 7621
List the prime factors of 813306.
2, 3, 13, 10427
What are the prime factors of 10516906?
2, 521, 10093
List the prime factors of 1393265.
5, 67, 4159
List the prime factors of 3850304.
2, 60161
List the prime factors of 79249.
19, 43, 97
What are the prime factors of 102471?
3, 34157
What are the prime factors of 743228?
2, 71, 2617
What are the prime factors of 7399753?
7399753
What are the prime factors of 4235076?
2, 3, 47, 2503
List the prime factors of 6452014.
2, 577, 5591
What are the prime factors of 456775?
5, 11, 151
List the prime factors of 896137.
11, 41, 1987
List the prime factors of 5257205.
5, 19, 55339
What are the prime factors of 1382401?
29, 73, 653
What are the prime factors of 838622?
2, 19, 29, 761
List the prime factors of 14866066.
2, 61, 121853
List the prime factors of 665774.
2, 332887
List the prime factors of 359837.
359837
List the prime factors of 10278598.
2, 11, 467209
What are the prime factors of 20404?
2, 5101
List the prime factors of 173858.
2, 86929
What are the prime factors of 30026378?
2, 419, 35831
List the prime factors of 235786.
2, 31, 3803
What are the prime factors of 1544533?
1544533
What are the prime factors of 4902938?
2, 2451469
List the prime factors of 20346.
2, 3, 3391
What are the prime factors of 546700?
2, 5, 7, 11, 71
What are the prime factors of 22580114?
2, 17, 664121
List the prime factors of 612383.
612383
List the prime factors of 385687.
23, 41, 409
List the prime factors of 515570.
2, 5, 11, 43, 109
What are the prime factors of 95757?
3, 59, 541
List the prime factors of 565972.
2, 11, 19, 677
List the prime factors of 551766.
2, 3, 91961
List the prime factors of 1948260.
2, 3, 5, 19, 1709
List the prime factors of 200896.
2, 43, 73
What are the prime factors of 22413728?
2, 700429
List the prime factors of 97824.
2, 3, 1019
What are the prime factors of 7742882?
2, 7, 11287
List the prime factors of 985044.
2, 3, 23, 43, 83
List the prime factors of 2035095.